git of (-1)/(-3) + 43176/72?
0
Let u be (-6 - -8)/(0 + 2). Let l be 0 - (-2 + -1)*u. What is the units digit of 1*27 + l/(-1)?
4
Suppose 0 = 3*w - v - 9, 0*v = -v. Suppose -10 - 41 = -h - 5*z, w*h = -2*z + 114. What is the tens digit of h?
3
Let c = -189 + 247. What is the tens digit of c?
5
Suppose 5*c - 7072 = -2*p, 3*p - 2*c = -0*p + 10570. What is the units digit of p?
6
Let h = -78 + 70. Let d(q) = -q**3 - 7*q**2 - 5*q + 5. What is the units digit of d(h)?
9
Suppose i - 5 = -10. Let h be 36/(-2) - (-7 - i). What is the units digit of -3 - (-3)/((-3)/h)?
3
Suppose -2*n - 120 = -2*h - 3*h, -2*n - 5*h = 140. Suppose 4*p + p = 5. What is the units digit of 3 - 6 - (p + n)?
1
Suppose 0*u + 4*u - 16 = 0. Suppose 3 = -v + 4*s + u, 4*v = 4*s - 8. What is the units digit of (36/(-24))/(v/8)?
4
Suppose -5*x = 3*g - 159, 0 = -0*x + 5*x - 15. Let m = g + -86. Let p = -10 - m. What is the units digit of p?
8
Let v be (-1 - 0)/((-2)/(-106)). Suppose 75 = w - 2*x, -2*w = -3*x - 69 - 82. Let y = w + v. What is the tens digit of y?
2
Suppose -2*t + 6594 = 5*t. What is the hundreds digit of t?
9
Suppose 4 = -k, -2*k = 4*u + 2*k - 48. Let y(s) = s**2 - 17*s + 22. What is the units digit of y(u)?
6
Let r(d) = -d**3 + 8*d**2 + 11*d + 10. Suppose -2*q + 224 = t, 2*q = 2*t - 4*t + 454. Let g be 2/13 - t/(-26). What is the tens digit of r(g)?
2
Suppose -x - w = 5 - 1, -2*x - 5*w + 4 = 0. Suppose 0 = 3*a + 11 - 98. Let z = x + a. What is the units digit of z?
1
Let a be 2 - (-5 + 1 + 1). Suppose -4*d - 5*u = -471 + 38, -3*d + 316 = -a*u. What is the hundreds digit of d?
1
Let m = 60 + -14. Suppose -m = 43*u - 44*u. What is the tens digit of u?
4
Let h = -2 - 1. Let u(o) = -2*o**3 - o**2 + 3. What is the units digit of u(h)?
8
Suppose 0 = -k - 4 + 8. Suppose -b - 3 = 0, -5*j + 5*b - 61 = k. What is the tens digit of 8624/128 + 6/j?
6
Suppose 3*r = -4700 + 9299. What is the units digit of r?
3
Suppose 0*g + 2*g = -170. Let f = 12 - g. What is the units digit of f?
7
Let q(s) = -959*s**3 + 2*s**2 + 3*s. What is the units digit of q(-1)?
8
Let q(w) be the third derivative of -w**6/120 + w**5/60 + 5*w**4/24 + w**3/3 - w**2. Let y be -4 - ((-6 - -2) + 3). What is the units digit of q(y)?
3
Let h(m) = 7*m**3 - 85*m**2 + 19*m - 37. What is the hundreds digit of h(13)?
2
Suppose 0 = -i + 2*i - 6. Let w(y) = -4*y**2 + 7*y + y**2 + 2*y**2 + 11. What is the units digit of w(i)?
7
Let w be -11*3/(6/(-2)). Let o = w + -6. What is the units digit of o?
5
Let n(k) = 4*k**2 + k. Let w be n(-1). Let s(y) = 3*y**2 - y + 13. What is the units digit of s(w)?
7
Let k be -2 - 2 - -11 - 4. Suppose -k*p = -3*b - 6, p + 2 - 4 = -3*b. What is the units digit of (-1)/(4/(-8) - b)?
2
Suppose h - 4*h = -60. Suppose 3*t - 264 = -l, -t + 4*l + 55 = -h. What is the units digit of t?
7
Let n(d) = -4*d**2 - 7*d - 9. Let v(u) = 3*u**2 + 7*u + 9. Let a(j) = 4*n(j) + 5*v(j). Let l be a(9). What is the units digit of (1 - -24) + l/3?
2
Let z(d) = 8*d + 10. Suppose 4*o = 36 - 12. Let c be z(o). Suppose -2*r + 0*j + c = 4*j, -4*r - j = -151. What is the tens digit of r?
3
Let x(j) = j**3 + 12*j**2 - 5*j + 2. Let v be (-2)/8 + (-94)/8. Let q be x(v). Suppose 6*i = 4*i + q. What is the tens digit of i?
3
Suppose -o - 3*t - t + 371 = 0, 4*t = 5*o - 1903. What is the hundreds digit of o?
3
Let u = -28 - -32. Suppose u*t = 5*t - 126. Suppose 5*r - 5*n - 130 = 0, 0 = 4*r - 2*n + 14 - t. What is the tens digit of r?
3
Let s(t) = 4*t - 35. Let j be s(10). Suppose -28 = -2*x - j*n + 149, 0 = -3*x - 3*n + 261. What is the tens digit of x?
8
Suppose -48*r - 11072 = -52*r. What is the hundreds digit of r?
7
Let l be 3/(-2) + 4 + (-135)/6. Let w = l + 45. What is the units digit of w?
5
Let a be 3507/84 + 2/8. Let h = a + -18. What is the units digit of h?
4
Suppose 14*d = 76*d - 54188. What is the tens digit of d?
7
Let a(w) = -4*w + 1978. What is the tens digit of a(0)?
7
Suppose 0 = 3*u + 28 + 77. Let p = 29 - u. What is the units digit of p?
4
Let h(k) = -360*k + 965. What is the units digit of h(-9)?
5
Let t(r) be the third derivative of -r**6/120 + r**5/12 + r**4/12 - r**3/2 + 4*r**2. What is the units digit of t(-4)?
3
Suppose 0 = 2*p - 13*f + 8*f - 3546, -1760 = -p - 4*f. What is the units digit of p?
8
Let w = 990 + -532. What is the units digit of w?
8
Suppose 1816 = 5*f + 4*s, 0*f + f + 2*s = 362. What is the units digit of f?
4
Suppose -2*p - 5*a = 44, p + 5 = 2*a - 8. Let y be (-1768)/p + -1*1. Suppose y + 35 = 2*b. What is the units digit of b?
9
Let h(n) = n**2 + 12*n - 19. Let a be h(-13). Let m(p) = -5*p**3 - 6*p**2 + 14. Let q(r) = r**3 - 1. Let u(b) = m(b) + 4*q(b). What is the tens digit of u(a)?
1
Let a(j) = j**3 - 48*j**2 - 2*j - 82. What is the tens digit of a(49)?
2
Let m = 10 - -74. What is the tens digit of m?
8
Suppose 7*g = 12*g - 40. Suppose 3*v - g*v = -245. What is the tens digit of v?
4
Suppose 5*v - 3*q - 20 = -4*q, 4*v = -3*q + 5. Suppose 505 + 345 = v*d. What is the units digit of d?
0
Suppose -5*q = -15, -3*v + 2*q = q + 18. Let w(s) = -2 - 7*s**2 + 2*s + 2*s**2 + 2*s**2 + 4*s**2 + 0*s**2. What is the units digit of w(v)?
3
Suppose -6*f + 11*f - 1110 = 0. What is the units digit of f?
2
Let x = -379 + 793. What is the hundreds digit of x?
4
Suppose 0 = 16*a - 2114 - 4334. What is the tens digit of a?
0
Suppose -119*d = -123*d + 4776. What is the hundreds digit of d?
1
Suppose -6*z - 2596 = 5*z. What is the tens digit of z*1/(-4) + 0/2?
5
Suppose d = -b + 72 + 3, 4*b = 4*d - 308. Let x = -47 + d. What is the units digit of x?
9
Let j be 4/10*(-20)/(-2). Let r(t) = 4*t**2 + 7*t + 15. Let d be r(-3). Suppose 146 = j*y + d. What is the units digit of y?
9
Suppose 1303 - 4748 = -5*q. What is the tens digit of q?
8
Let u(b) = -b**2 + b + 1. Let y(l) = -10*l + 12. Suppose -4*x = -2*o + 1 + 1, x - 1 = o. Let w(k) = x*u(k) + y(k). What is the tens digit of w(8)?
4
Let m(v) = 3*v + 3. Let q(g) = g + 1. Let k(j) = -m(j) + 5*q(j). Let c be k(-4). What is the units digit of 26 + (-7)/(21/c)?
8
Let c be 118*((-4)/7 + 27/(-63)). What is the tens digit of 3/(2 + c/62)?
3
Suppose 0 = b - 1667 + 770. What is the hundreds digit of b?
8
Let s be -1*17 + -4 + 1. What is the units digit of 350/(-4)*s/25?
0
Let o = 4716 + -1091. What is the hundreds digit of o?
6
Let x(i) = -48*i**2 - i + 5. Let l be x(-2). What is the units digit of (-9 - 35/(-7))*l/4?
5
Let t(q) = -8*q - 7. Let p be t(-2). Let n = 0 - -4. Suppose n*d = p*d - 115. What is the tens digit of d?
2
Let i be ((-40)/(-16))/((-2)/(-4)). Suppose -2*w + i = 1. Suppose -2*u + 78 - 296 = -5*m, 0 = -2*u + w. What is the units digit of m?
4
Let y = -245 + 129. Let g = y - -187. What is the units digit of g?
1
Let v(x) = -308*x - 628. What is the units digit of v(-13)?
6
Let a be 86/(-11) - (-8)/(-44). Let h = 8 + a. Suppose 5*f + 39 - 104 = h. What is the tens digit of f?
1
Let o be (-2 - -5)/(4/220). Suppose a = -2*a + o. Suppose -6*i = -4*c - i + a, 0 = -c + 2*i + 13. What is the tens digit of c?
1
Let l(z) = -z + 4. Let r(d) = -6*d + 20. Let p(v) = -11*l(v) + 2*r(v). Let n be p(-9). Suppose n*g = g + 28. What is the units digit of g?
7
Let u(y) = 3*y**2 + 174*y + 37. Let d be u(-58). Suppose -i + 8 = i. Suppose -d = -j + i. What is the tens digit of j?
4
Let c(y) = -y**3 + y**2. Let m be c(-1). Suppose p - 5 = 0, -3*n - m*p + 14 = -62. What is the units digit of n?
2
Suppose 12*t - 9*t = 270. What is the tens digit of t?
9
Let u be 2/11 + (-216)/(-22). Suppose d = -d - 10, -2*n - 2*d = u. Suppose -i = -n*i - 31. What is the tens digit of i?
3
Let t(r) = 5*r - 49. What is the units digit of t(21)?
6
Let q = -15 + 49. Let u = 43 - q. What is the units digit of u?
9
Let q(y) be the first derivative of -y**4/4 - y**3 - 7*y**2/2 - 10*y - 11. Suppose -2*t + 4*t + 4*f = 4, 5*t + 3*f = -11. What is the tens digit of q(t)?
3
Let p be (-3)/(-9) + (-545)/(-3). Let s = p + -99. What is the units digit of s?
3
Suppose 0*w = -2*w. Suppose w = -3*c - 3, -v - 3*c = -0*c + 48. Let u = 67 + v. What is the tens digit of u?
2
Let w = 197 + 17. What is the tens digit of w?
1
Let a be -3*(1 + (-4)/6). Let p be 8 - 2 - (a + -1). What is the units digit of (2 - 3)/((-1)/p)?
8
Let w be (-25)/50 + (-98)/(-4). Let t = 36 - w. What is the tens digit of t?
1
Let p(g) =